{"id":88,"date":"2022-03-07T15:07:29","date_gmt":"2022-03-07T14:07:29","guid":{"rendered":"https:\/\/v-comp.ch.webhost.v-comp.ch\/?page_id=88"},"modified":"2023-03-26T17:20:21","modified_gmt":"2023-03-26T15:20:21","slug":"megkozelites","status":"publish","type":"page","link":"https:\/\/www.v-comp.hu\/?page_id=88","title":{"rendered":"Megk\u00f6zel\u00edt\u00e9s"},"content":{"rendered":"\n<div class=\"wp-block-columns is-layout-flex wp-container-core-columns-is-layout-9d6595d7 wp-block-columns-is-layout-flex\">\n<div class=\"wp-block-column is-layout-flow wp-block-column-is-layout-flow\" style=\"flex-basis:33.33%\"><\/div>\n\n\n\n<div class=\"wp-block-column is-layout-flow wp-block-column-is-layout-flow\" style=\"flex-basis:66.66%\">\n<p class=\"has-text-align-justify\">Esztergom Budapest fel\u0151l a 10es \u00faton vagy a kellemes hegyi \u00faton Dobog\u00f3k\u0151 ir\u00e1ny\u00e1ban \u00e9rhet\u0151 el.<\/p>\n\n\n\n<p class=\"has-text-align-justify\">A vonatok Budapest\/Nyugati p\u00e1lyaudvarr\u00f3l f\u00e9l \u00f3r\u00e1nk\u00e9nt indulnak Esztergomba.<br>Busszal Budapest \u00c1rp\u00e1d h\u00edd v\u00e9g\u00e1llom\u00e1sr\u00f3l a Dorogon \u00e1t k\u00f6zleked\u0151, f\u00e9l \u00f3r\u00e1nk\u00e9t j\u00e1r\u00f3 Vol\u00e1n buszokat aj\u00e1nljuk.<\/p>\n\n\n\n<p class=\"has-text-align-justify\">Irod\u00e1nk Esztergomban a Czuczor G. u .2. sz\u00e1m alatt tal\u00e1lhat\u00f3, a r\u00e9gi v\u00e1rosi stranddal szemk\u00f6zt, a Kis-Duna s\u00e9t\u00e1ny k\u00f6zvetlen szomsz\u00e9ds\u00e1g\u00e1ban.a<\/p>\n<\/div>\n<\/div>\n\n\n\n<p><\/p>\n","protected":false},"excerpt":{"rendered":"<p>Esztergom Budapest fel\u0151l a 10es \u00faton vagy a kellemes hegyi \u00faton Dobog\u00f3k\u0151 ir\u00e1ny\u00e1ban \u00e9rhet\u0151 el. A vonatok Budapest\/Nyugati p\u00e1lyaudvarr\u00f3l f\u00e9l \u00f3r\u00e1nk\u00e9nt indulnak Esztergomba.Busszal Budapest \u00c1rp\u00e1d h\u00edd v\u00e9g\u00e1llom\u00e1sr\u00f3l a Dorogon \u00e1t k\u00f6zleked\u0151, f\u00e9l \u00f3r\u00e1nk\u00e9t j\u00e1r\u00f3 Vol\u00e1n buszokat aj\u00e1nljuk. Irod\u00e1nk Esztergomban a Czuczor G. u .2. sz\u00e1m alatt tal\u00e1lhat\u00f3, a r\u00e9gi v\u00e1rosi stranddal szemk\u00f6zt, a Kis-Duna s\u00e9t\u00e1ny &hellip; <a href=\"https:\/\/www.v-comp.hu\/?page_id=88\" class=\"more-link\">Continue reading<span class=\"screen-reader-text\"> &#8220;Megk\u00f6zel\u00edt\u00e9s&#8221;<\/span><\/a><\/p>\n","protected":false},"author":1,"featured_media":0,"parent":0,"menu_order":0,"comment_status":"closed","ping_status":"closed","template":"","meta":{"_editorskit_title_hidden":false,"_editorskit_reading_time":0,"_editorskit_is_block_options_detached":false,"_editorskit_block_options_position":"{}","footnotes":""},"class_list":["post-88","page","type-page","status-publish","hentry"],"_links":{"self":[{"href":"https:\/\/www.v-comp.hu\/index.php?rest_route=\/wp\/v2\/pages\/88","targetHints":{"allow":["GET"]}}],"collection":[{"href":"https:\/\/www.v-comp.hu\/index.php?rest_route=\/wp\/v2\/pages"}],"about":[{"href":"https:\/\/www.v-comp.hu\/index.php?rest_route=\/wp\/v2\/types\/page"}],"author":[{"embeddable":true,"href":"https:\/\/www.v-comp.hu\/index.php?rest_route=\/wp\/v2\/users\/1"}],"replies":[{"embeddable":true,"href":"https:\/\/www.v-comp.hu\/index.php?rest_route=%2Fwp%2Fv2%2Fcomments&post=88"}],"version-history":[{"count":3,"href":"https:\/\/www.v-comp.hu\/index.php?rest_route=\/wp\/v2\/pages\/88\/revisions"}],"predecessor-version":[{"id":782,"href":"https:\/\/www.v-comp.hu\/index.php?rest_route=\/wp\/v2\/pages\/88\/revisions\/782"}],"wp:attachment":[{"href":"https:\/\/www.v-comp.hu\/index.php?rest_route=%2Fwp%2Fv2%2Fmedia&parent=88"}],"curies":[{"name":"wp","href":"https:\/\/api.w.org\/{rel}","templated":true}]}}

Megközelítés

<div class="wp-block-columns is-layout-flex wp-container-core-columns-is-layout-9d6595d7 wp-block-columns-is-layout-flex">
<div class="wp-block-column is-layout-flow wp-block-column-is-layout-flow" style="flex-basis:33.33%"></div>



<div class="wp-block-column is-layout-flow wp-block-column-is-layout-flow" style="flex-basis:66.66%">
<p class="has-text-align-justify">Esztergom Budapest felől a 10es úton vagy a kellemes hegyi úton Dobogókő irányában érhető el.</p>



<p class="has-text-align-justify">A vonatok Budapest/Nyugati pályaudvarról fél óránként indulnak Esztergomba.<br>Busszal Budapest Árpád híd végállomásról a Dorogon át közlekedő, fél óránkét járó Volán buszokat ajánljuk.</p>



<p class="has-text-align-justify">Irodánk Esztergomban a Czuczor G. u .2. szám alatt található, a régi városi stranddal szemközt, a Kis-Duna sétány közvetlen szomszédságában.a</p>
</div>
</div>



<p></p>

<p>Esztergom Budapest felől a 10es úton vagy a kellemes hegyi úton Dobogókő irányában érhető el. A vonatok Budapest/Nyugati pályaudvarról fél óránként indulnak Esztergomba.Busszal Budapest Árpád híd végállomásról a Dorogon át közlekedő, fél óránkét járó Volán buszokat ajánljuk. Irodánk Esztergomban a Czuczor G. u .2. szám alatt található, a régi városi stranddal szemközt, a Kis-Duna sétány &hellip; <a href="https://www.v-comp.hu/?page_id=88" class="more-link">Continue reading<span class="screen-reader-text"> &#8220;Megközelítés&#8221;</span></a></p>
